
-8 (base 10) to base 11
-8
Convert -2 (base 16) to base 5.
-2
Convert 3a (base 15) to base 3.
2001
What is 0 (base 16) in base 7?
0
2 (base 6) to base 14
2
What is -11100 (base 2) in base 10?
-28
Convert e1 (base 15) to base 11.
182
-10 (base 3) to base 11
-3
-5 (base 14) to base 16
-5
What is 1 (base 7) in base 13?
1
What is 544 (base 6) in base 3?
21201
Convert 24 (base 6) to base 8.
20
What is 0 (base 6) in base 12?
0
Convert -1 (base 15) to base 4.
-1
5 (base 6) to base 9
5
Convert 8 (base 15) to base 13.
8
3 (base 5) to base 3
10
-9 (base 11) to base 14
-9
2 (base 9) to base 10
2
-19 (base 11) to base 2
-10100
Convert -104 (base 5) to base 3.
-1002
What is -23 (base 9) in base 15?
-16
What is -10010 (base 2) in base 16?
-12
6 (base 7) to base 8
6
Convert -5 (base 10) to base 8.
-5
Convert -2 (base 16) to base 8.
-2
-20 (base 3) to base 2
-110
-146 (base 15) to base 9
-353
-1 (base 8) to base 16
-1
Convert -3 (base 7) to base 16.
-3
20 (base 16) to base 4
200
Convert -11010000 (base 2) to base 7.
-415
Convert -64 (base 14) to base 9.
-107
-10 (base 5) to base 13
-5
Convert 631 (base 7) to base 4.
10330
Convert -b (base 13) to base 6.
-15
Convert -11 (base 4) to base 14.
-5
What is 1 (base 15) in base 2?
1
-2 (base 16) to base 7
-2
What is 2 (base 16) in base 13?
2
What is 3 (base 12) in base 2?
11
What is -6 (base 9) in base 5?
-11
-3 (base 4) to base 14
-3
What is -100 (base 8) in base 10?
-64
Convert -4 (base 7) to base 2.
-100
Convert 30 (base 13) to base 10.
39
What is 16 (base 11) in base 9?
18
-223 (base 4) to base 11
-3a
-22 (base 12) to base 10
-26
3 (base 16) to base 4
3
Convert 187 (base 12) to base 16.
f7
-2 (base 15) to base 9
-2
Convert 1220 (base 5) to base 12.
135
What is -31 (base 10) in base 13?
-25
-1 (base 11) to base 6
-1
What is -1 (base 7) in base 13?
-1
What is 2133 (base 4) in base 11?
135
-112 (base 5) to base 13
-26
56 (base 10) to base 4
320
What is 3 (base 11) in base 14?
3
What is -19 (base 14) in base 4?
-113
Convert -20 (base 3) to base 6.
-10
-3 (base 5) to base 13
-3
What is -67 (base 10) in base 6?
-151
What is -4 (base 9) in base 6?
-4
Convert 4 (base 9) to base 3.
11
Convert -110 (base 2) to base 5.
-11
1221 (base 3) to base 11
48
36 (base 14) to base 15
33
What is 43 (base 14) in base 2?
111011
What is -3 (base 15) in base 8?
-3
Convert -311 (base 6) to base 2.
-1110011
a0 (base 11) to base 8
156
10 (base 7) to base 9
7
-231 (base 12) to base 16
-145
-1 (base 7) to base 13
-1
Convert -4 (base 14) to base 13.
-4
What is 4 (base 13) in base 2?
100
1 (base 2) to base 12
1
What is 1342 (base 5) in base 3?
22020
Convert 1 (base 4) to base 14.
1
What is 129 (base 10) in base 13?
9c
Convert -2a (base 11) to base 12.
-28
What is 131 (base 7) in base 6?
155
What is -12 (base 3) in base 6?
-5
What is 24 (base 11) in base 10?
26
8c (base 13) to base 12
98
6e (base 15) to base 5
404
Convert -2 (base 6) to base 7.
-2
Convert -14 (base 6) to base 13.
-a
What is 14 (base 5) in base 15?
9
What is 32 (base 8) in base 5?
101
What is 3 (base 15) in base 13?
3
Convert 8 (base 12) to base 10.
8
Convert -12 (base 7) to base 8.
-11
5 (base 7) to base 15
5
What is -23 (base 6) in base 12?
-13
2 (base 10) to base 13
2
What is -3 (base 16) in base 6?
-3
What is -2a (base 13) in base 2?
-100100
-11 (base 4) to base 2
-101
What is -43 (base 12) in base 6?
-123
-110 (base 2) to base 6
-10
Convert 1 (base 7) to base 15.
1
What is -45 (base 8) in base 7?
-52
17 (base 11) to base 4
102
Convert 15 (base 6) to base 15.
b
What is -41 (base 9) in base 12?
-31
2 (base 16) to base 5
2
-1 (base 12) to base 4
-1
What is -2a (base 11) in base 9?
-35
What is -4 (base 5) in base 15?
-4
43 (base 13) to base 10
55
What is 57 (base 9) in base 15?
37
-234 (base 5) to base 6
-153
Convert 320 (base 5) to base 9.
104
-10 (base 7) to base 2
-111
Convert 2 (base 12) to base 2.
10
What is -7 (base 15) in base 11?
-7
a (base 16) to base 11
a
What is 3 (base 13) in base 10?
3
Convert 112 (base 13) to base 2.
10111000
-344 (base 6) to base 10
-136
Convert -2 (base 13) to base 11.
-2
3c (base 14) to base 3
2000
What is -14 (base 16) in base 15?
-15
What is -1 (base 15) in base 12?
-1
5 (base 6) to base 9
5
1220 (base 3) to base 11
47
What is 1 (base 7) in base 4?
1
9 (base 12) to base 3
100
Convert 203 (base 4) to base 2.
100011
Convert 6 (base 9) to base 14.
6
-8 (base 16) to base 8
-10
What is 11001101 (base 2) in base 14?
109
What is -1 (base 8) in base 16?
-1
-6 (base 15) to base 3
-20
-1 (base 9) to base 4
-1
8 (base 14) to base 6
12
What is -153 (base 7) in base 8?
-127
26 (base 16) to base 12
32
11111111 (base 2) to base 16
ff
-48 (base 14) to base 15
-44
-2 (base 11) to base 8
-2
Convert 87 (base 9) to base 6.
211
Convert 10 (base 3) to base 8.
3
Convert -12 (base 3) to base 14.
-5
What is -122 (base 8) in base 2?
-1010010
Convert 243 (base 5) to base 4.
1021
What is 43 (base 7) in base 2?
11111
Convert 8 (base 10) to base 6.
12
Convert -33 (base 16) to base 9.
-56
What is 21 (base 6) in base 15?
d
-12 (base 13) to base 11
-14
Convert 230 (base 7) to base 8.
167
2 (base 7) to base 9
2
What is 1101 (base 5) in base 6?
411
Convert -3 (base 12) to base 15.
-3
-8b (base 13) to base 12
-97
-107 (base 10) to base 2
-1101011
-2021 (base 3) to base 4
-331
Convert -10 (base 4) to base 9.
-4
Convert -311 (base 5) to base 3.
-10000
1001 (base 2) to base 7
12
31 (base 4) to base 16
d
What is 1 (base 12) in base 16?
1
What is 8 (base 9) in base 14?
8
Convert -31 (base 10) to base 11.
-29
Convert 53 (base 7) to base 2.
100110
Convert -1 (base 8) to base 5.
-1
Convert 7 (base 16) to base 8.
7
Convert -11 (base 2) to base 3.
-10
-37 (base 12) to base 10
-43
0 (base 3) to base 11
0
Convert c (base 14) to base 5.
22
Convert 0 (base 4) to base 8.
0
What is 1 (base 2) in base 15?
1
What is 2 (base 13) in base 16?
2
Convert -8 (base 14) to base 3.
-22
Convert -302 (base 5) to base 10.
-77
What is 2 (base 15) in base 10?
2
What is -1 (base 16) in base 9?
-1
-137 (base 11) to base 12
-115
ab (base 16) to base 11
146
Convert 433 (base 8) to base 2.
100011011
Convert 3 (base 10) to base 12.
3
Convert 210 (base 3) to base 5.
41
What is 1112 (base 3) in base 9?
45
0 (base 15) to base 11
0
Convert 1 (base 9) to base 8.
1
1a1 (base 11) to base 15
107
What is 1 (base 7) in base 12?
1
Convert 1010 (base 2) to base 5.
20
Convert -37 (base 16) to base 3.
-2001
What is 3 (base 16) in base 14?
3
Convert -2 (base 7) to base 15.
-2
11 (base 7) to base 2
1000
What is 21 (base 16) in base 12?
29
42 (base 13) to base 3
2000
Convert 0 (base 4) to base 12.
0
What is -2 (base 14) in base 13?
-2
Convert -22 (base 15) to base 13.
-26
Convert 12 (base 4) to base 8.
6
What is -b (base 14) in base 13?
-b
Convert -3310 (base 4) to base 7.
-466
Convert 21 (base 4) to base 2.
1001
Convert 144 (base 11) to base 3.
20021
Convert -15 (base 14) to base 6.
-31
Convert -1011011 (base 2) to base 16.
-5b
33 (base 8) to base 5
102
What is 19 (base 11) in base 7?
26
Convert -5 (base 7) to base 15.
-5
What is 0 (base 12) in base 13?
0
Convert -4 (base 7) to base 6.
-4
-50 (base 16) to base 8
-120
-16 (base 11) to base 15
-12
What is -19 (base 10) in base 5?
-34
Convert 22 (base 15) to base 9.
35
What is -8 (base 12) in base 5?
-13
What is 0 (base 5) in base 13?
0
-19 (base 16) to base 4
-121
9 (base 16) to base 4
21
Convert -7 (base 10) to base 15.
-7
Convert -44 (base 5) to base 11.
-22
What is -212 (base 4) in base 3?
-1102
What is 16 (base 14) in base 4?
110
What is -193 (base 10) in base 16?
-c1
What is 3 (base 16) in base 12?
3
10 (base 4) to base 2
100
Convert 0 (base 9) to base 11.
0
1 (base 13) to base 11
1
23 (base 6) to base 9
16
What is 10 (base 10) in base 14?
a
Convert -9 (base 13) to base 5.
-14
-15 (base 10) to base 11
-14
Convert 5 (base 12) to base 8.
5
What is -1001 (base 4) in base 7?
-122
Convert -4 (base 11) to base 15.
-4
Convert -282 (base 11) to base 9.
-408
What is -2 (base 7) in base 5?
-2
Convert 26 (base 8) to base 2.
10110
-1100010 (base 2) to base 13
-77
10 (base 2) to base 16
2
-104 (base 5) to base 7
-41
What is 3a (base 13) in base 2?
110001
Convert 10110000 (base 2) to base 3.
20112
20 (base 4) to base 9
8
11000 (base 2) to base 11
22
Convert -11 (base 4) to base 16.
-5
Wh